n divisor of h and 138?
46
Let u be -2*(721/(-126) + 2/9). Let s = 80 + -69. Calculate the highest common factor of s and u.
11
Let n = 70 + -60. Let r be (-6)/(-12)*(2*-1 + n). Let p be (-2)/(2 - r)*25. Calculate the greatest common divisor of p and 150.
25
Suppose 5 = 3*d - 4. Let m be ((-10)/d)/((-50)/(-15) + -4). Suppose -m*t + 14*t - 243 = 0. Calculate the greatest common factor of t and 54.
27
Suppose 0 = 2*h - k - 299, 743 = 5*h + 38*k - 39*k. Calculate the greatest common factor of 14948 and h.
148
Suppose 7898*h + 91 = d + 7897*h, 0 = d + h - 73. What is the highest common factor of 104 and d?
2
Suppose -5*u - 3*p - 2267 = 0, 28*u + 4*p = 30*u + 886. Let x = 160 - u. What is the highest common factor of 47 and x?
47
Suppose -21*i - 61*i = -4057 - 22511. What is the greatest common factor of i and 576?
36
Let a = 435 + -435. Suppose -379*h + 380*h - 1027 = a. Calculate the greatest common divisor of h and 13.
13
Let b be 52 - (-28)/(-21)*3. Suppose -6*y + 15*y = 54. What is the highest common divisor of y and b?
6
Let y be (-1)/8*1 - 42726/(-48). Calculate the greatest common factor of y and 20.
10
Let k be ((-13083)/14 + -3)*10/(-15). Calculate the highest common factor of 50 and k.
25
Let r(a) = -a**3 + 8*a**2 - 5*a - 4. Let b be r(5). Let t be 12/(-60)*5*1*-13. Let d = b - t. What is the greatest common factor of 363 and d?
33
Let s(y) = -y**3 - 5*y**2 + 10*y - 2. Let u be 5/(-25) + 102/(-15). Let a be s(u). Let r = 37 - a. Calculate the greatest common divisor of 110 and r.
11
Suppose -u = 3*k - 2*u + 10, 4*u - 12 = -2*k. Let g be ((-42)/(-15) - k)/((-57)/(-190)). Suppose 3*q - 84 = 36. What is the highest common factor of g and q?
8
Let n(f) = 4*f + 72. Let y be n(-13). Let l be 466 + (-2 + 0)/(4/12). Calculate the highest common divisor of y and l.
20
Suppose -64636*f = -64637*f + 1515. What is the greatest common divisor of 9 and f?
3
Let l(j) = -56*j - 872. Let y be l(-31). What is the greatest common factor of 8 and y?
8
Suppose -4*c + 110 = 122, 0 = 5*q - 5*c - 255. Calculate the highest common divisor of q and 32.
16
Let d = -5965 + 7293. Calculate the greatest common factor of 144 and d.
16
Suppose -16 - 95 = -u + 5*l, -415 = -5*u + 5*l. Calculate the greatest common divisor of u and 2432.
76
Let t = 1291 + -1299. Let y = -35 + -7. Let u be (-7)/(y/(-8))*(t + 5). Calculate the greatest common factor of u and 1.
1
Let z be 5/(-30) + 7/((-420)/(-16810)). What is the highest common factor of z and 2884?
28
Let w(d) = 23*d**2 + 87*d - 17. Let l be w(-4). Let x = 0 + 6. Suppose l*q - 15 = 0, -5*z - 5 = -x*z + 5*q. Calculate the highest common factor of z and 150.
30
Let c = 3397 + -1257. What is the greatest common divisor of 5 and c?
5
Let a be (1120/(-336))/((-149)/36 + 4). What is the greatest common divisor of 21528 and a?
24
Let p be (3 - -9) + 12/(-4) + -2. Suppose -p*a - 156 + 2298 = 0. Calculate the highest common divisor of 17 and a.
17
Suppose -2*z - 2*t = -130, -3*z - 2*t + 193 = 3*t. Suppose 5*x - 479 = -c, 5*c - 475 = -71*x + z*x. Calculate the greatest common factor of 168 and x.
24
Let d = 970 + -918. Calculate the highest common divisor of 234 and d.
26
Suppose m - 5*i - 211 = 18, -3*m = -4*i - 687. Suppose -6*q = -m + 79. Calculate the highest common factor of 25 and q.
25
Let a = 155 - 56. Let z be (-3)/((-16 - -13) + 296/a). Suppose 0 = -36*o + 39*o - z. Calculate the greatest common divisor of o and 9.
9
Let y(z) = -5*z**3 + 110*z**2 + 28*z - 7. Let s be y(19). Calculate the highest common factor of s and 22.
22
Let q = 6 - 2. Suppose 12*n + 5 - 125 = 0. Suppose q*s + 3*x - 137 = 0, 0 = -3*s + 3*x + 77 + n. Calculate the highest common divisor of s and 8.
8
Suppose -4*l + 223*p - 225*p = -68, 4*l = 3*p + 38. What is the greatest common factor of l and 9142?
14
Let s be (-4146)/(-30) + (-4 - 76/(-20)). What is the greatest common divisor of 138 and s?
138
Let g(y) = -19*y**3 - 17*y**2 - 44*y - 11. Let f be g(-3). Calculate the greatest common factor of 13 and f.
13
Suppose -18 = m - 3*m. Let x(b) = 2*b**2 - 50*b - 52. Let a be x(26). Suppose -p - m*p + 60 = a. Calculate the greatest common factor of p and 24.
6
Suppose 13134 + 18762 = 14*d - 11*d. Calculate the greatest common factor of 24 and d.
24
Let b(j) = 8*j**3 + 12*j**2 - 14*j - 7. Let c be b(2). What is the highest common factor of c and 1298?
11
Suppose 0 = -19*r + 5601 + 5115. Suppose 355*h + r = 359*h. What is the greatest common divisor of 3 and h?
3
Suppose -f = -5*t + 1418, -278 = -t - 2*f + 3*f. Calculate the greatest common divisor of t and 60.
15
Let a be ((-72)/(-10)*7/6)/(1/20). Let g = 204 + -108. Calculate the highest common divisor of a and g.
24
Let t(v) = 719*v + 4337. Let n be t(-6). Calculate the greatest common divisor of n and 6463.
23
Suppose -s + 279*s - 12213 = 33657. Calculate the highest common divisor of 4389 and s.
33
Let y(u) = 0 - 2514*u + 5025*u - 1 - 2514*u. Suppose 3*z = 5*z + 14. Let a be y(z). Calculate the highest common divisor of 20 and a.
20
Suppose -3*c - g - 17 = -48, c + 4*g = 25. Suppose c*v = 18*v - 3978. Calculate the highest common factor of 26 and v.
26
Let i be ((-5)/((-20)/284))/(1/3). Let c(a) = 9*a - 46. Let z be c(13). What is the greatest common factor of z and i?
71
Let h(n) be the third derivative of n**5/30 + n**4/6 + 14*n**3 + 4*n**2 + 9*n. Let l be h(0). Calculate the greatest common divisor of 28 and l.
28
Let b = 9 + -9. Suppose b = -4*l + 4*c - 8, -3*l - c + 6 = 2*c. Let r be 5*(l - (-108)/15). Calculate the highest common factor of r and 9.
9
Let u be (24/30)/(2/55). Suppose 3*z - 4*r - 497 - 39 = 0, -5*z = -5*r - 890. Calculate the highest common divisor of z and u.
22
Suppose -8*l - 6*w = -12*l + 230, 5*l - w - 281 = 0. Calculate the highest common divisor of l and 1274.
14
Suppose 12*z + 1366 = 20614. Calculate the greatest common factor of z and 8.
4
Let k = -70 - -68. Let f be (-3)/(k/((-140)/(-21))). Let z(q) = 25*q**2 - q + 1. Let g be z(1). Calculate the greatest common divisor of g and f.
5
Suppose 6*c - 819 = -7*c. Let j = 25 + c. What is the greatest common factor of 154 and j?
22
Let z be (11 + 2)/1 + -1. Suppose 65*g + 945 = 3243 + 4722. Calculate the highest common factor of g and z.
12
Let a(m) = 2*m**3 - 138*m**2 + 267*m + 95. Let j be a(67). What is the greatest common factor of j and 5712?
28
Suppose -4*s + 4*i = -2*s, -5*s = -4*i. Let c be 403/(-39)*(s + 3). Let y = c - -89. Calculate the highest common factor of y and 522.
58
Suppose 13*k + 8436 + 2510 = 0. Let w = -552 - k. Calculate the highest common divisor of w and 58.
58
Let j be 272/680 + (-48)/(-5). Let d be 2632/12 - (-2)/3. Suppose 3*v + d = 5*v. What is the greatest common divisor of j and v?
10
Let h(u) = -2*u**2 + 6*u + 3. Let o be h(3). Let b be o/2*1/((-6)/(-1924)). What is the highest common factor of b and 13?
13
Suppose -37410 + 121599 = 57*x. Calculate the greatest common factor of x and 4009.
211
Suppose -20 + 181 = -23*x. Let g be (-7 - (-4 + 1))*(5 + x). Suppose -4*c + 23 = 7, 0 = 5*h + 4*c - 576. What is the highest common factor of h and g?
8
Let g be (-76510)/(-90) - (-9)/(-81). What is the greatest common factor of 51 and g?
17
Suppose 13*x + 1617 + 164 = 0. Let k(z) = -4*z**2 - 5*z. Let t be k(5). Let q = t - x. Calculate the greatest common factor of q and 18.
6
Let q(j) = j + 1 - 4 + 4. Let o be q(2). Let y be 17 + (-4 - -3)/(6/30). What is the greatest common factor of o and y?
3
Suppose 2736*b - 2780*b + 3872 = 0. Calculate the greatest common divisor of 1067 and b.
11
Suppose 0 = 34*w - 69*w - 80*w + 5405. Suppose 2*x + 349 = -3*s + 1052, 0 = 4*x + 4. What is the highest common factor of s and w?
47
Suppose -245*z + 171*z = -3552. What is the highest common divisor of 2082 and z?
6
Let l = 17458 - 17026. What is the greatest common divisor of 102 and l?
6
Suppose 0 = 4*t - 20 - 52. Let o(z) = -z**3 - 21*z**2 + 20*z - 30. Let b be o(-22). Suppose -13*j + 64 = -b. What is the highest common divisor of j and t?
6
Let s(t) = -4*t**2 + 271*t + 13866. Let n be s(-34). Suppose 0 = 4*r - 6*r + 700. What is the greatest common divisor of r and n?
14
Let y(c) = c**2 - 107*c + 5432. Let p be y(105). What is the greatest common divisor of p and 98?
14
Suppose 4*k = -3*n + 172, -5*n = 3*k - 9*k + 22